{"id":282,"date":"2023-04-17T17:59:25","date_gmt":"2023-04-17T21:59:25","guid":{"rendered":"https:\/\/ingenieriasp.cl\/?page_id=282"},"modified":"2025-03-05T06:44:54","modified_gmt":"2025-03-05T10:44:54","slug":"todos-los-servicios","status":"publish","type":"page","link":"https:\/\/ingenieriasp.cl\/index.php\/todos-los-servicios\/","title":{"rendered":"TODOS LOS SERVICIOS"},"content":{"rendered":"\n<div class=\"wp-block-columns is-layout-flex wp-container-core-columns-is-layout-28f84493 wp-block-columns-is-layout-flex\">\n<div class=\"wp-block-column is-layout-flow wp-block-column-is-layout-flow\" style=\"flex-basis:100%\">\n<figure class=\"wp-block-gallery has-nested-images columns-default is-cropped wp-block-gallery-1 is-layout-flex wp-block-gallery-is-layout-flex\">\n<figure class=\"wp-block-image size-large\"><img loading=\"lazy\" decoding=\"async\" width=\"1024\" height=\"648\" data-id=\"405\" src=\"https:\/\/ingenieriasp.cl\/wp-content\/uploads\/2025\/03\/Screenshot_2-1024x648.png\" alt=\"\" class=\"wp-image-405\" srcset=\"https:\/\/ingenieriasp.cl\/wp-content\/uploads\/2025\/03\/Screenshot_2-1024x648.png 1024w, https:\/\/ingenieriasp.cl\/wp-content\/uploads\/2025\/03\/Screenshot_2-300x190.png 300w, https:\/\/ingenieriasp.cl\/wp-content\/uploads\/2025\/03\/Screenshot_2-768x486.png 768w, https:\/\/ingenieriasp.cl\/wp-content\/uploads\/2025\/03\/Screenshot_2.png 1194w\" sizes=\"auto, (max-width: 1024px) 100vw, 1024px\" \/><\/figure>\n<\/figure>\n<\/div>\n<\/div>\n\n\n\n<div class=\"wp-block-joinchat-button joinchat-button--qr-both has-border-color\" style=\"border-color:#25d366;border-style:solid;border-width:6px;border-radius:30px\"><figure><figcaption>Scan the code<\/figcaption><a class=\"joinchat-button__qr has-border-color\" style=\"border-color:#25d366;border-style:solid;border-width:6px;border-radius:30px\" href=\"#whatsapp\" data-phone=\"56959979191\"><\/a><\/figure><a class=\"wp-block-button__link joinchat-button__link has-ffffff-color has-text-color has-background has-border-color\" style=\"border-color:#25d366;border-style:solid;border-width:6px;border-radius:30px;background-color:#25d366\" href=\"#whatsapp\" data-phone=\"56959979191\"><span><strong>Open Chat<\/strong><\/span><\/a><\/div>\n\n\n\n<div class=\"wp-block-contact-form-7-contact-form-selector\"><div role=\"form\" class=\"wpcf7\" id=\"wpcf7-f52-o1\" lang=\"en-US\" dir=\"ltr\">\n<div class=\"screen-reader-response\"><p role=\"status\" aria-live=\"polite\" aria-atomic=\"true\"><\/p> <ul><\/ul><\/div>\n<form action=\"\/index.php\/wp-json\/wp\/v2\/pages\/282#wpcf7-f52-o1\" method=\"post\" class=\"wpcf7-form init\" novalidate=\"novalidate\" data-status=\"init\">\n<div style=\"display: none;\">\n<input type=\"hidden\" name=\"_wpcf7\" value=\"52\" \/>\n<input type=\"hidden\" name=\"_wpcf7_version\" value=\"5.6.3\" \/>\n<input type=\"hidden\" name=\"_wpcf7_locale\" value=\"en_US\" \/>\n<input type=\"hidden\" name=\"_wpcf7_unit_tag\" value=\"wpcf7-f52-o1\" \/>\n<input type=\"hidden\" name=\"_wpcf7_container_post\" value=\"0\" \/>\n<input type=\"hidden\" name=\"_wpcf7_posted_data_hash\" value=\"\" \/>\n<\/div>\n<p><label> Tu nombre (obligatorio)<br \/>\n    <span class=\"wpcf7-form-control-wrap\" data-name=\"your-name\"><input type=\"text\" name=\"your-name\" value=\"\" size=\"40\" class=\"wpcf7-form-control wpcf7-text wpcf7-validates-as-required\" aria-required=\"true\" aria-invalid=\"false\" \/><\/span> <\/label><\/p>\n<p><label>Apellido<span class=\"wpcf7-form-control-wrap\" data-name=\"text-741\"><input type=\"text\" name=\"text-741\" value=\"\" size=\"40\" class=\"wpcf7-form-control wpcf7-text\" aria-invalid=\"false\" \/><\/span><\/label><\/p>\n<p><label>Tel\u00e9fono<span class=\"wpcf7-form-control-wrap\" data-name=\"tel-942\"><input type=\"tel\" name=\"tel-942\" value=\"\" size=\"40\" class=\"wpcf7-form-control wpcf7-text wpcf7-tel wpcf7-validates-as-required wpcf7-validates-as-tel\" aria-required=\"true\" aria-invalid=\"false\" \/><\/span><\/label><\/p>\n<p>\u00bfQue necesitas?<span class=\"wpcf7-form-control-wrap\" data-name=\"radio-136\"><span class=\"wpcf7-form-control wpcf7-radio\"><span class=\"wpcf7-list-item first\"><input type=\"radio\" name=\"radio-136\" value=\"Asesor\u00eda Instalaci\u00f3n de Sistemas\" checked=\"checked\" \/><span class=\"wpcf7-list-item-label\">Asesor\u00eda Instalaci\u00f3n de Sistemas<\/span><\/span><span class=\"wpcf7-list-item\"><input type=\"radio\" name=\"radio-136\" value=\"Outsourcing\" \/><span class=\"wpcf7-list-item-label\">Outsourcing<\/span><\/span><span class=\"wpcf7-list-item\"><input type=\"radio\" name=\"radio-136\" value=\"Recuperaci\u00f3n de Informaci\u00f3n\" \/><span class=\"wpcf7-list-item-label\">Recuperaci\u00f3n de Informaci\u00f3n<\/span><\/span><span class=\"wpcf7-list-item\"><input type=\"radio\" name=\"radio-136\" value=\"Migraci\u00f3n de data\" \/><span class=\"wpcf7-list-item-label\">Migraci\u00f3n de data<\/span><\/span><span class=\"wpcf7-list-item\"><input type=\"radio\" name=\"radio-136\" value=\"Mantenci\u00f3n L\u00f3gica y f\u00edsica de Notebook\" \/><span class=\"wpcf7-list-item-label\">Mantenci\u00f3n L\u00f3gica y f\u00edsica de Notebook<\/span><\/span><span class=\"wpcf7-list-item\"><input type=\"radio\" name=\"radio-136\" value=\"Instalaci\u00f3n de Software\" \/><span class=\"wpcf7-list-item-label\">Instalaci\u00f3n de Software<\/span><\/span><span class=\"wpcf7-list-item last\"><input type=\"radio\" name=\"radio-136\" value=\"Otros\" \/><span class=\"wpcf7-list-item-label\">Otros<\/span><\/span><\/span><\/span><\/p>\n<p><label> Tu correo electr\u00f3nico (obligatorio)<br \/>\n    <span class=\"wpcf7-form-control-wrap\" data-name=\"your-email\"><input type=\"email\" name=\"your-email\" value=\"\" size=\"40\" class=\"wpcf7-form-control wpcf7-text wpcf7-email wpcf7-validates-as-required wpcf7-validates-as-email\" aria-required=\"true\" aria-invalid=\"false\" \/><\/span> <\/label><\/p>\n<p><label> Asunto<br \/>\n    <span class=\"wpcf7-form-control-wrap\" data-name=\"your-subject\"><input type=\"text\" name=\"your-subject\" value=\"\" size=\"40\" class=\"wpcf7-form-control wpcf7-text\" aria-invalid=\"false\" \/><\/span> <\/label><\/p>\n<p><label> Tu mensaje<br \/>\n    <span class=\"wpcf7-form-control-wrap\" data-name=\"your-message\"><textarea name=\"your-message\" cols=\"40\" rows=\"10\" class=\"wpcf7-form-control wpcf7-textarea\" aria-invalid=\"false\"><\/textarea><\/span> <\/label><\/p>\n<p><input type=\"submit\" value=\"Enviar\" class=\"wpcf7-form-control has-spinner wpcf7-submit\" \/><\/p>\n<p style=\"display: none !important;\" class=\"akismet-fields-container\" data-prefix=\"_wpcf7_ak_\"><label>&#916;<textarea name=\"_wpcf7_ak_hp_textarea\" cols=\"45\" rows=\"8\" maxlength=\"100\"><\/textarea><\/label><input type=\"hidden\" id=\"ak_js_1\" name=\"_wpcf7_ak_js\" value=\"121\"\/><script>document.getElementById( \"ak_js_1\" ).setAttribute( \"value\", ( new Date() ).getTime() );<\/script><\/p><div class=\"wpcf7-response-output\" aria-hidden=\"true\"><\/div><\/form><\/div><\/div>\n","protected":false},"excerpt":{"rendered":"","protected":false},"author":2,"featured_media":0,"parent":0,"menu_order":0,"comment_status":"closed","ping_status":"closed","template":"","meta":{"site-container-style":"default","site-container-layout":"default","site-sidebar-layout":"default","disable-article-header":"default","disable-site-header":"default","disable-site-footer":"default","disable-content-area-spacing":"default","_joinchat":[],"footnotes":""},"class_list":["post-282","page","type-page","status-publish","hentry"],"_links":{"self":[{"href":"https:\/\/ingenieriasp.cl\/index.php\/wp-json\/wp\/v2\/pages\/282","targetHints":{"allow":["GET"]}}],"collection":[{"href":"https:\/\/ingenieriasp.cl\/index.php\/wp-json\/wp\/v2\/pages"}],"about":[{"href":"https:\/\/ingenieriasp.cl\/index.php\/wp-json\/wp\/v2\/types\/page"}],"author":[{"embeddable":true,"href":"https:\/\/ingenieriasp.cl\/index.php\/wp-json\/wp\/v2\/users\/2"}],"replies":[{"embeddable":true,"href":"https:\/\/ingenieriasp.cl\/index.php\/wp-json\/wp\/v2\/comments?post=282"}],"version-history":[{"count":15,"href":"https:\/\/ingenieriasp.cl\/index.php\/wp-json\/wp\/v2\/pages\/282\/revisions"}],"predecessor-version":[{"id":406,"href":"https:\/\/ingenieriasp.cl\/index.php\/wp-json\/wp\/v2\/pages\/282\/revisions\/406"}],"wp:attachment":[{"href":"https:\/\/ingenieriasp.cl\/index.php\/wp-json\/wp\/v2\/media?parent=282"}],"curies":[{"name":"wp","href":"https:\/\/api.w.org\/{rel}","templated":true}]}}